?
9
Suppose 0 = m + 6*m - 294. Calculate the greatest common factor of m and 56.
14
Suppose -6*b + b = -105. Suppose -w + 2*w = b. What is the highest common factor of 3 and w?
3
Suppose 2*y = 5*y - 2*g - 21, 0 = -g - 3. Suppose -210 = 2*b - y*b. Calculate the greatest common factor of 10 and b.
10
Suppose -4*m + 110 + 33 = -5*f, 0 = -m + 4*f + 22. Calculate the greatest common divisor of 28 and m.
14
Suppose -d - 5*w = 10, 0 = -5*d - 0*d - w + 70. Let b = d - 12. Calculate the highest common divisor of 6 and b.
3
Let p be (576/45)/((-2)/20*-2). Calculate the greatest common factor of 32 and p.
32
Let w be 6/15 + 8/5. Let k be (1*-1)/(w/(-4)). Calculate the greatest common factor of 6 and k.
2
Suppose w - 2*t = 6, 5*w - 4*t - 50 = t. Let x be (1 - (-1)/2)*w. Suppose 0 = -16*n + 20*n - 56. What is the highest common factor of x and n?
7
Let q = 0 + 7. Calculate the greatest common factor of 56 and q.
7
Let b be 23/2 - 2/4. Suppose 7 = n - b. What is the highest common divisor of 12 and n?
6
Suppose 2*x - 5 = 1. Suppose 4*d = r + 10, -x*d = d + 4*r. What is the greatest common factor of 2 and d?
2
Let h(c) = c**2 - 14*c - 20. Let b be h(16). Calculate the highest common factor of b and 36.
12
Let h(p) = p**3 - 16*p**2 - 18*p + 20. Let w be h(17). Calculate the highest common factor of w and 33.
3
Suppose -3*k - k = 0. Suppose -3*i + 4*t = -11, k = 3*i + 2*t + 1. What is the highest common factor of 11 and i?
1
Let z(a) = a**2 - 7*a - 8. Let t be z(-4). Let f be -1 + (2 - 6/(-3)). Suppose -f*w = -5*w + 8. Calculate the greatest common divisor of t and w.
4
Suppose 4 = -4*r + 3*p, -p = -3*r + p - 2. Suppose -4*j - 27 = -2*g + 9, 36 = r*g + 4*j. What is the greatest common factor of g and 144?
18
Let l(z) = 2*z**3 + 2*z**2 + 1. Let k be l(3). Suppose 23 = -5*y + k. Let u be (-50)/(6/(-2) + 2). Calculate the highest common divisor of y and u.
10
Suppose 4*t - 11 - 49 = 0. Let p = -14 - -29. What is the greatest common divisor of p and t?
15
Let q be ((-5)/(-10))/((-3)/(-6)) + 10. Let t(i) = -i**3 - i**2 - i + 22. Let f be t(0). Calculate the greatest common divisor of f and q.
11
Let j(h) = -h**2 - 3*h - 1. Let y be j(-2). Let g(q) = 5 + 2*q**2 - q + 7*q + y. Let l be g(-5). What is the greatest common divisor of l and 13?
13
Suppose 0 = w - 4*s - 12, 5*s + 9 + 1 = 0. What is the greatest common divisor of 40 and w?
4
Let r be 19/2 + (-51)/34. Let d(k) = -k**3 + 8*k**2 + k + 5. Let x be d(r). What is the highest common divisor of x and 52?
13
Let f(y) = 35*y**2 + 1. Let k be f(-1). Let r = 24 + -15. What is the greatest common factor of k and r?
9
Let r = 39 + -3. Suppose -2*b = -5*b + 51. Let s = b + -5. What is the highest common divisor of r and s?
12
Suppose 0*i = -3*q + 4*i + 30, -16 = -2*q + 4*i. Let s = 16 - q. Let h(a) = a**2 + 3*a + 4. Let z be h(-6). What is the greatest common divisor of s and z?
2
Suppose 53*g = 49*g + 164. What is the greatest common divisor of 287 and g?
41
Let m be 882/5 - 4/10. Suppose 3*x - 5*v = 572, -5*v = x - 316 + 112. Let p be 5/(-30) + x/12. Calculate the greatest common divisor of p and m.
16
Suppose -5*u + 4*u = 3. Let j be -10*(u/(-3) + -2). What is the greatest common divisor of j and 1?
1
Suppose -3*r + q - 16 = 6*q, 4*r = q + 17. What is the highest common divisor of r and 6?
3
Let x(v) = -24*v - 15. Let w be x(-5). What is the greatest common divisor of 70 and w?
35
Suppose 96 = 4*t - 0*t. Calculate the greatest common factor of 36 and t.
12
Let d(y) = -y + 16. Let t be d(0). Suppose 5*i = -10 - 0. Let q = i + 18. What is the highest common divisor of q and t?
16
Suppose s + 19 = 33. What is the greatest common factor of s and 21?
7
Let d = -28 + 11. Let p = -9 - d. Calculate the highest common divisor of p and 8.
8
Let n be (0 - (-844)/10) + 24/(-60). Calculate the greatest common factor of 12 and n.
12
Suppose 4*m = -5*j + 5 - 48, -25 = 3*j + 2*m. Let h = j - -8. Calculate the greatest common factor of h and 10.
1
Let w = -20 - -22. Suppose -q + 2*q - 63 = 0. Suppose -b + q = w*b. Calculate the greatest common divisor of 3 and b.
3
Suppose 16*j - 2*j = 84. What is the greatest common divisor of 12 and j?
6
Let c = -126 - -142. Let o = -26 - -42. Calculate the greatest common divisor of c and o.
16
Let k = 50 - -181. Calculate the highest common divisor of 21 and k.
21
Let a = 46 - 27. Let q = a + -10. What is the highest common factor of q and 6?
3
Let a be (-1 - -1*3) + -2. Suppose a*i = -3*r - i + 1, -4*i = 5*r + 10. Let o be r + 2 + -1 + 1. What is the highest common divisor of o and 32?
4
Let z(g) = -g**3 + 9*g**2 - 8*g + 6. Let j be z(7). Calculate the greatest common divisor of 12 and j.
12
Let g(r) = -7*r - 2. Let v be g(-6). Calculate the highest common factor of 16 and v.
8
Let m = 384 + -258. What is the highest common factor of 18 and m?
18
Suppose 8 = -2*u + 6*u. Suppose -u*m + 32 = -12. Calculate the greatest common divisor of 55 and m.
11
Suppose -6*x - 60 = -7*x. Calculate the greatest common factor of x and 45.
15
Let n(r) = 3*r - 2. Let v be n(3). Suppose 33 = 2*i - v. Let z = -62 + 82. What is the highest common divisor of z and i?
20
Suppose 4*c + 14 - 54 = -2*o, 0 = 3*o + 3*c - 60. Let r be (6/9)/(2/(-66)). Let q = r - -32. Calculate the highest common factor of q and o.
10
Suppose 0 = 3*r - 2*r - 22. Calculate the highest common divisor of r and 11.
11
Let t = 159 + -95. Let f(q) = -4*q + 8. Let j be f(0). What is the highest common divisor of t and j?
8
Suppose -23 = 4*b + 2*v - 83, -v = 0. What is the highest common divisor of 45 and b?
15
Let j = -122 - -173. Suppose -2*b + 8 = -0*b. Suppose -j = -3*n - c, c = 5*n + b*c - 85. Calculate the highest common factor of 85 and n.
17
Let a(l) = -5*l - 223. Let s be a(-48). Let u(o) = 18*o**2 - o. Let z be u(1). Calculate the greatest common factor of s and z.
17
Let b be (-110)/4*(-12)/15. Let m = 109 + 45. Calculate the highest common factor of b and m.
22
Let x(r) = -r + 18. Let b be x(15). Suppose 2*u - 4*k = -0*k - 4, u - 18 = -b*k. What is the greatest common divisor of 24 and u?
6
Let u be 10*1/1*1. Suppose u = 4*f - 10. What is the greatest common divisor of 25 and f?
5
Let f = -21 - -41. Calculate the highest common factor of f and 20.
20
Let j = -4 - -64. Let w(q) = q**2 - 9*q - 6. Let u be w(10). Suppose -z = -f - 5*z - u, 2*f = -3*z + 12. What is the greatest common divisor of j and f?
12
Suppose -16 = 2*h - 4*h. Let w be 806/h - 2/(-8). Suppose -5*k = 4*z - w, -2*z - k = -0*z - 49. Calculate the greatest common factor of z and 36.
12
Let z be (-1)/1*(-30)/2. Suppose -1830 = -41*o + 630. What is the greatest common divisor of z and o?
15
Suppose -27 = 2*b - 135. Let h = -3 + 6. Suppose x - 72 = -h*x. What is the greatest common divisor of b and x?
18
Let a be (2 - (-6)/(-3))*1. Let y be -2 + (14 - (-1 - a)). Suppose z - 2*r = -r + 28, -z - 2*r = -22. What is the greatest common divisor of z and y?
13
Let y be 133/(-21) - 1/(-3). Let u be -2*y/(-15)*-15. What is the highest common factor of u and 60?
12
Suppose 36 = 3*b - 99. What is the highest common divisor of 18 and b?
9
Suppose -2*s = -s - 3. Suppose -s*q + 454 = -167. What is the greatest common divisor of q and 23?
23
Suppose 0 = 2*n + 18 - 74. What is the greatest common divisor of n and 42?
14
Suppose 3*i + 4*u - 39 = 0, -59 - 6 = -5*i + u. Let m = 6 + -1. Suppose -m*w + 3*c = -121, -41 = -w - 7*c + 2*c. What is the highest common factor of w and i?
13
Let u(b) = 24*b**2 + b + 2. Let z be u(-2). Let g(r) = -r + 18. Let d be g(6). What is the greatest common factor of d and z?
12
Suppose 0 = 16*a - 17*a + 8. Calculate the highest common divisor of a and 72.
8
Let j = -6 + 31. Suppose 175 = 4*w - j. What is the highest common divisor of w and 20?
10
Let a = 8 + -4. Suppose -43 = -a*x - 11. What is the highest common divisor of 8 and x?
8
Let u(i) = i**3 + 13*i**2 + 13*i + 30. Let z be u(-12). What is the greatest common divisor of 9 and z?
9
Suppose 56 + 72 = 2*m. What is the greatest common factor of 8 and m?
8
Let f be (4 - -16) + -1 + 1. Let d be 2*(35/2)/5. Let g(u) = u**3 - 7*u**2 + 8*u - 6. Let s be g(d). Calculate the highest common divisor of f and s.
10
Suppose -296 = -3*j - 3*z + 157, -j + 142 = 4*z. Calculate the greatest common divisor of 14 and j.
14